4 + -12. Let r = b - 8. What is the remainder when m is divided by r?
11
Let n = -1 + -28. Let v = n - -5. Let j = v - -29. What is the remainder when 18 is divided by j?
3
Suppose 19 + 16 = 5*i. Let y = -78 + 80. Calculate the remainder when 20 - y - (-5)/(-1) is divided by i.
6
Let m = -2206 + 2217. Calculate the remainder when 39 is divided by m.
6
Suppose 44 + 87 = i. Suppose -5*h + 2*b = 3*b + 128, 5*h = -2*b - i. Calculate the remainder when (-1010)/h + 4/(-10) is divided by 22.
18
Calculate the remainder when 9*((-51)/27 + 3) is divided by 3.
1
Let v be (-13)/(-3) + (-2)/(-3). What is the remainder when 19 is divided by 21/(-35) + 53/v?
9
What is the remainder when (2 - 4/8)/(21/742) is divided by 3?
2
Let z be -2 - -2 - (-2 - 0). Suppose -z = v - 3*o, -o = -5*v + 2*o + 14. Calculate the remainder when (1*3)/(3/6) is divided by v.
2
Suppose -8*n = -11*n - 834. Let k = n - -392. What is the remainder when k is divided by 23?
22
Let m = 540 + -485. Calculate the remainder when 146 is divided by m.
36
Suppose -h = -3*r + 7*r - 11, 5 = 5*r. Suppose h*u - 299 = 695. Calculate the remainder when u is divided by 12.
10
Let t(j) = -2*j - 7. Let n = -32 - -28. Calculate the remainder when t(n) is divided by 1.
0
Let v(f) be the second derivative of f**3/2 - 5*f**2/2 + 12*f + 2. Calculate the remainder when v(11) is divided by (-1)/4 + 122/8.
13
Suppose 3*d + 2*j + 5 = -15, -d = j + 8. Let i be 81/12 - 1/d. Suppose -i = 5*u - 6*u. Calculate the remainder when 12 is divided by u.
5
Let x = 359 + -353. What is the remainder when 6 is divided by x?
0
Let a(r) = 2*r + 15. Let s = 31 - 22. Calculate the remainder when a(8) is divided by s.
4
Suppose 28 = -9*v + 8*v. Let r = v - -54. Calculate the remainder when 77 is divided by r.
25
Let u(q) = 31*q + 6. Let m be u(6). Suppose 7*n + m = 4*n. Let i = n - -94. Calculate the remainder when i is divided by 16.
14
What is the remainder when 96 is divided by 30/(-240) - (-114)/16?
5
Let w = -443 - -747. What is the remainder when w is divided by 14?
10
Suppose 833 = 15*b + 2*b. What is the remainder when 182 is divided by b?
35
Suppose -7*i + 11*i - 112 = 0. Suppose 0 = 7*p - i - 21. Suppose 0 = -4*k + 5*v + 110, 0*k + 2*k + 3*v - 44 = 0. What is the remainder when k is divided by p?
4
Let o = -460 + 461. Let q(s) = 67*s**2 - 3*s**2 + 9*s**2. Calculate the remainder when q(o) is divided by 19.
16
Suppose 4*j - 216 = -2*h + 116, 900 = 5*h - 4*j. What is the remainder when h is divided by 21?
8
Let o(v) = -v**3 + 18*v**2 - 14*v - 34. Calculate the remainder when 33 is divided by o(17).
16
Let r = -43 + 38. Let n = r + 5. Suppose 6*p + 6 - 30 = n. What is the remainder when 13 is divided by p?
1
What is the remainder when ((-180)/80)/((-2)/56) is divided by 17?
12
Suppose -6*s = -2*s - 52. What is the remainder when s is divided by (-2)/((-3 + -1)/8)?
1
Let v = -3 - -17. Suppose w + 2*d - 8 = 0, 2*w = -w + 4*d + v. What is the remainder when 2/(83/27 + -3) is divided by w?
3
Let c(i) = i**3 + 2*i**2 + i - 2. Let r be c(1). Let s = r + 49. Calculate the remainder when s is divided by 18.
15
Suppose -5*a = -d - 126, 101 = 3*a + a - d. What is the remainder when 144 is divided by a?
19
Suppose 0 = 2*b + 4, -3*b + 123 = 5*y + 34. What is the remainder when 108 is divided by y?
13
Let m(w) = -2*w + 180. What is the remainder when m(8) is divided by 50?
14
Let g = -5 - -8. Let p(l) = 7*l. What is the remainder when p(g) is divided by 7*5/((-70)/(-12))?
3
Suppose 0 = 4*o - 15*o + 99. Let x = -4 + 7. What is the remainder when o is divided by x?
0
Let t = 58 + -48. Suppose -t = -2*v, 5*o + 5*v + 143 = 478. Calculate the remainder when o is divided by 32.
30
Let v(b) = -b**3 - 8*b**2 - 9*b + 12. Let l be v(-5). Let p(k) = k**2 - 3*k - 2. Let i be p(7). Let f = l + i. Calculate the remainder when 21 is divided by f.
5
Let v = 21 - 15. Suppose -g = v*g - 91. What is the remainder when 33 is divided by g?
7
Let d = 65 - 46. Suppose 5*r - 25 = -0. What is the remainder when d is divided by r?
4
Suppose -s = -m + 48, 2*m - 3*m + 30 = 5*s. What is the remainder when 43 is divided by ((-2)/6)/((-1)/m)?
13
Let j(u) = 2*u**2 - 3*u - 5. What is the remainder when j(11) is divided by 53?
45
Let o(q) = -2*q - 7. Let u be -4 - (1 - -3 - 3). Calculate the remainder when 194/22 + (-6)/(-33) is divided by o(u).
0
Suppose -4*p + 3*n + 79 + 160 = 0, -5*p - 2*n + 293 = 0. What is the remainder when 254 is divided by p?
18
Suppose -2*g - 574 = -31*q + 28*q, 2*q = 3*g + 376. Calculate the remainder when q is divided by 13.
12
Let j = 248 - 108. What is the remainder when j is divided by 36?
32
Let j(z) = -3*z**3 + 44*z**2 + 2*z + 105. What is the remainder when j(14) is divided by 48?
45
Suppose -2*c + 4 = 0, 6*r - 2*r - 3124 = 2*c. Let d = -511 + r. What is the remainder when d is divided by 39?
37
Let a = 1 - -1. Let j = 107 + -104. Calculate the remainder when a is divided by j + 48/(-26) + 2/(-13).
0
What is the remainder when (-17843)/(-98) - 2/28 is divided by 4?
2
Let x be 8 + (-3 - -3) + (-4)/2. Let c(u) = 4*u**2 - 24*u + 11. Calculate the remainder when 30 is divided by c(x).
8
Let n be (-81)/(-4)*(48/18 + 0). Calculate the remainder when -3 + n - (1 + 4) is divided by 12.
10
Let s(t) = 9*t - 204. Calculate the remainder when 371 is divided by s(26).
11
Suppose 2*u - 50 = -2*r, -u + 2*r = -33 + 8. What is the remainder when 96 is divided by u?
21
Let g = -49 + 108. What is the remainder when g is divided by 21?
17
Let g(a) = 5*a - 16. Let v be g(12). Suppose -5*l = -9*l + v. Calculate the remainder when 75 is divided by l.
9
Let j = -3 - -1. Let r = 28 + 21. Calculate the remainder when r is divided by (-39)/2*j/3.
10
Suppose 5*s - 609 = -44. Calculate the remainder when s is divided by (29*1)/(14/(-2) + 8).
26
Let c be 35/(-14)*(0 + -2). Suppose 130 + 125 = c*u. What is the remainder when u is divided by 19?
13
Suppose 44 = -6*w + 7*w. Calculate the remainder when w is divided by 24.
20
Suppose -17*m = -22*m + 3*h + 172, -3*m + h + 104 = 0. Calculate the remainder when 184 is divided by m.
9
Suppose 0 = 2*r - 6*r - 40. Let i(v) = 31*v + 53. Let b be i(-3). Let x = r - b. What is the remainder when x is divided by 16?
14
Let n(z) = z**2 - 13*z + 2. What is the remainder when 72 is divided by n(13)?
0
Let p(i) = -3*i**2 + 191*i - 270. Calculate the remainder when 305 is divided by p(62).
25
Suppose 5*g + 2*d = 618, 5*d = -g + 47 + 72. Calculate the remainder when g is divided by 1.
0
Suppose -9*j + 10*j = -48. Let b = j - -63. What is the remainder when (0 - -5)*(-42)/(-5) is divided by b?
12
Let r = 384 + -365. What is the remainder when 69 is divided by r?
12
Let w(z) be the second derivative of -z**4/12 + 5*z**3/6 + 4*z**2 - 2*z. Let p be w(10). Let u = p + 61. Calculate the remainder when 36 is divided by u.
17
Suppose -r = -2*u + 125, 4*u + 137 = -r + 390. Calculate the remainder when 70 is divided by u.
7
Suppose 3*x = -9, -4*x + 8*x + 15 = w. Suppose -w*i + 50 = 2*i. What is the remainder when 39 is divided by i?
9
Calculate the remainder when 4/22 - (-408)/44*3 is divided by 9.
1
Let x(z) = z**3 + z**2 - 2*z + 27. Let m be x(0). Suppose -20*l - m = -23*l. Calculate the remainder when 16 is divided by l.
7
Suppose -o - 3*o = -496. What is the remainder when o is divided by (-346)/(-14) + (-520)/(-1820)?
24
Suppose 0 = f - 2*o - 9, 2 = 4*f - 4*o - 54. Let u = f + -1. What is the remainder when 53 is divided by u?
17
Let x be -1*(1 - -15)/(-2). What is the remainder when x/(-3)*615/(-20) is divided by 21?
19
Let m = -37 + 38. Suppose -2*b = 3*r - 3, -4*r = 4*b + 3 + m. Calculate the remainder when 4/b*213/(-2) is divided by 18.
17
Let w = -6 + 11. Calculate the remainder when (-20)/w*102/(-4) is divided by 6*((-195)/9)/(-5).
24
What is the remainder when ((-6)/(-15)*-5)/(4/(-214)) is divided by 8?
3
Let x be 127/5 + (-26)/65. Let u = 31 - x. Calculate the remainder when 20 is divided by u.
2
Let l(r) = 31*r + 10. Calculate the remainder when l(3) is divided by 31.
10
Suppose -22*f = 3*f - 1025. Calculate the remainder when 74 is divided by f.
33
Suppose 2*x = 173 - 35. Let y = x + -39. Suppose -y = 3*u - 102. Calculate the remainder when 68 is divided by u.
20
Let q(x) = -45*x - 57. What is the remainder when q(-11) is di